
{"id":484,"date":"2019-08-28T16:15:07","date_gmt":"2019-08-28T16:15:07","guid":{"rendered":"http:\/\/disabilityvoicesunited.org\/interchange\/wordpress\/self-determination-interchange\/?page_id=484"},"modified":"2019-10-15T15:07:07","modified_gmt":"2019-10-15T22:07:07","slug":"financial-management-services-fms-es","status":"publish","type":"page","link":"https:\/\/disabilityvoicesunited.org\/interchange\/self-determination\/financial-management-services-fms-es\/","title":{"rendered":"Servicios de Administraci\u00f3n Financiera (FMS)"},"content":{"rendered":"\n<p>Un participante puede establecer una amplia gama de servicios y apoyos a trav\u00e9s del Programa de Autodeterminaci\u00f3n (SDP), los que pueden incluir servicios tradicionales, pero tambi\u00e9n incluir actividades \u00fanicas, art\u00edculos y apoyos disponibles en la comunidad que el centro regional normalmente no paga. El Programa de Autodeterminaci\u00f3n tambi\u00e9n le dar\u00e1 acceso a algunos servicios que la legislatura de California suspendi\u00f3 o limit\u00f3 a partir del 2009, como programas sociales y de recreaci\u00f3n, campamentos, servicios educativos y terapias no m\u00e9dicas.&nbsp;<br><\/p>\n\n\n\n<p>Al contrario de los servicios de centros regionales, no es obligatorio que use agencias que son vendedores de servicios autorizados del centro regional. (El t\u00e9rmino ingl\u00e9s \u201cVendored\u201d o vendedores de servicios autorizados quiere decir que el centro regional tiene un contrato con una agencia). Puede contratar a personas de su comunidad para que le ayuden a cumplir sus metas.&nbsp;<br><\/p>\n\n\n\n<p>El sitio web del Departamento de Servicios de Desarrollo (DDS) tiene una larga lista de servicios que el gobierno federal ha aprobado. Algunos de los servicios son muy generales, como &#8220;Bienes y Servicios Dirigidos por el Participante&#8221;, y pueden incluir muchas cosas.\u00a0 Sin embargo, no debe elegir sus servicios de una lista. Los servicios deben venir de su plan centrado en la persona.  Pero si de verdad necesita ver una lista, <a href=\"https:\/\/dds.ca.gov\/SDP\/docs\/serviceDefinitions.pdf\">la puede encontrar aqu\u00ed.<\/a><br><\/p>\n","protected":false},"excerpt":{"rendered":"<p>Un participante puede establecer una amplia gama de servicios y apoyos a trav\u00e9s del Programa de Autodeterminaci\u00f3n (SDP), los que pueden incluir servicios tradicionales, pero tambi\u00e9n incluir actividades \u00fanicas, art\u00edculos y apoyos disponibles en la comunidad que el centro regional normalmente no paga. El Programa de Autodeterminaci\u00f3n tambi\u00e9n le dar\u00e1 acceso a algunos servicios que [&#8230;]<\/p>\n<p><a class=\"btn btn-secondary understrap-read-more-link\" href=\"https:\/\/disabilityvoicesunited.org\/interchange\/self-determination\/financial-management-services-fms-es\/\">Read More&#8230;<\/a><\/p>\n","protected":false},"author":1,"featured_media":0,"parent":0,"menu_order":0,"comment_status":"closed","ping_status":"closed","template":"","meta":{"_bbp_topic_count":0,"_bbp_reply_count":0,"_bbp_total_topic_count":0,"_bbp_total_reply_count":0,"_bbp_voice_count":0,"_bbp_anonymous_reply_count":0,"_bbp_topic_count_hidden":0,"_bbp_reply_count_hidden":0,"_bbp_forum_subforum_count":0,"footnotes":""},"class_list":["post-484","page","type-page","status-publish","hentry"],"_links":{"self":[{"href":"https:\/\/disabilityvoicesunited.org\/interchange\/self-determination\/wp-json\/wp\/v2\/pages\/484","targetHints":{"allow":["GET"]}}],"collection":[{"href":"https:\/\/disabilityvoicesunited.org\/interchange\/self-determination\/wp-json\/wp\/v2\/pages"}],"about":[{"href":"https:\/\/disabilityvoicesunited.org\/interchange\/self-determination\/wp-json\/wp\/v2\/types\/page"}],"author":[{"embeddable":true,"href":"https:\/\/disabilityvoicesunited.org\/interchange\/self-determination\/wp-json\/wp\/v2\/users\/1"}],"replies":[{"embeddable":true,"href":"https:\/\/disabilityvoicesunited.org\/interchange\/self-determination\/wp-json\/wp\/v2\/comments?post=484"}],"version-history":[{"count":3,"href":"https:\/\/disabilityvoicesunited.org\/interchange\/self-determination\/wp-json\/wp\/v2\/pages\/484\/revisions"}],"predecessor-version":[{"id":785,"href":"https:\/\/disabilityvoicesunited.org\/interchange\/self-determination\/wp-json\/wp\/v2\/pages\/484\/revisions\/785"}],"wp:attachment":[{"href":"https:\/\/disabilityvoicesunited.org\/interchange\/self-determination\/wp-json\/wp\/v2\/media?parent=484"}],"curies":[{"name":"wp","href":"https:\/\/api.w.org\/{rel}","templated":true}]}}